1.
11, 31
List the prime factors of 46847.
79, 593
What are the prime factors of 4826?
2, 19, 127
List the prime factors of 4921.
7, 19, 37
List the prime factors of 32785.
5, 79, 83
What are the prime factors of 21423?
3, 37, 193
What are the prime factors of 27828?
2, 3, 773
What are the prime factors of 672?
2, 3, 7
List the prime factors of 186.
2, 3, 31
List the prime factors of 40318.
2, 19, 1061
What are the prime factors of 8794?
2, 4397
List the prime factors of 3728.
2, 233
What are the prime factors of 4144?
2, 7, 37
What are the prime factors of 6046?
2, 3023
List the prime factors of 1040.
2, 5, 13
List the prime factors of 37946.
2, 18973
List the prime factors of 1581.
3, 17, 31
List the prime factors of 66131.
13, 5087
List the prime factors of 18332.
2, 4583
What are the prime factors of 1628?
2, 11, 37
What are the prime factors of 7291?
23, 317
What are the prime factors of 22686?
2, 3, 19, 199
What are the prime factors of 26993?
26993
List the prime factors of 16421.
16421
What are the prime factors of 1337?
7, 191
What are the prime factors of 12130?
2, 5, 1213
What are the prime factors of 1077?
3, 359
What are the prime factors of 4731?
3, 19, 83
What are the prime factors of 52055?
5, 29, 359
List the prime factors of 1451.
1451
List the prime factors of 204.
2, 3, 17
What are the prime factors of 774?
2, 3, 43
What are the prime factors of 24307?
109, 223
What are the prime factors of 5091?
3, 1697
List the prime factors of 213.
3, 71
List the prime factors of 14004.
2, 3, 389
What are the prime factors of 13132?
2, 7, 67
What are the prime factors of 20803?
71, 293
List the prime factors of 556.
2, 139
What are the prime factors of 908?
2, 227
What are the prime factors of 1542?
2, 3, 257
List the prime factors of 446.
2, 223
List the prime factors of 11578.
2, 7, 827
What are the prime factors of 410?
2, 5, 41
What are the prime factors of 27012?
2, 3, 2251
What are the prime factors of 814?
2, 11, 37
List the prime factors of 1041.
3, 347
What are the prime factors of 6479?
11, 19, 31
What are the prime factors of 2153?
2153
What are the prime factors of 2783?
11, 23
What are the prime factors of 548?
2, 137
What are the prime factors of 1967?
7, 281
List the prime factors of 1404.
2, 3, 13
What are the prime factors of 69902?
2, 7, 4993
What are the prime factors of 18088?
2, 7, 17, 19
List the prime factors of 83952.
2, 3, 11, 53
List the prime factors of 286.
2, 11, 13
What are the prime factors of 619?
619
List the prime factors of 196.
2, 7
What are the prime factors of 14429?
47, 307
List the prime factors of 564.
2, 3, 47
What are the prime factors of 1547?
7, 13, 17
What are the prime factors of 13446?
2, 3, 83
List the prime factors of 12203.
12203
List the prime factors of 22340.
2, 5, 1117
List the prime factors of 68119.
17, 4007
List the prime factors of 33909.
3, 89, 127
What are the prime factors of 10305?
3, 5, 229
What are the prime factors of 66277?
191, 347
List the prime factors of 9374.
2, 43, 109
What are the prime factors of 11517?
3, 11, 349
List the prime factors of 291.
3, 97
List the prime factors of 31673.
19, 1667
What are the prime factors of 12016?
2, 751
List the prime factors of 54045.
3, 5, 1201
What are the prime factors of 45296?
2, 19, 149
List the prime factors of 110012.
2, 7, 3929
What are the prime factors of 6184?
2, 773
List the prime factors of 2391.
3, 797
What are the prime factors of 10181?
10181
What are the prime factors of 662?
2, 331
List the prime factors of 31.
31
What are the prime factors of 28053?
3, 1039
What are the prime factors of 1442?
2, 7, 103
What are the prime factors of 7689?
3, 11, 233
What are the prime factors of 9331?
7, 31, 43
What are the prime factors of 816?
2, 3, 17
What are the prime factors of 3393?
3, 13, 29
List the prime factors of 36847.
36847
List the prime factors of 12319.
97, 127
List the prime factors of 522.
2, 3, 29
List the prime factors of 1143.
3, 127
What are the prime factors of 85?
5, 17
What are the prime factors of 1935?
3, 5, 43
List the prime factors of 15177.
3, 5059
List the prime factors of 18.
2, 3
What are the prime factors of 8428?
2, 7, 43
What are the prime factors of 142033?
173, 821
List the prime factors of 37788.
2, 3, 47, 67
What are the prime factors of 28774?
2, 14387
What are the prime factors of 68?
2, 17
What are the prime factors of 7120?
2, 5, 89
List the prime factors of 143294.
2, 71647
What are the prime factors of 10814?
2, 5407
What are the prime factors of 27822?
2, 3, 4637
List the prime factors of 9373.
7, 13, 103
What are the prime factors of 1348?
2, 337
What are the prime factors of 3469?
3469
What are the prime factors of 221?
13, 17
What are the prime factors of 330?
2, 3, 5, 11
List the prime factors of 4902.
2, 3, 19, 43
List the prime factors of 7445.
5, 1489
What are the prime factors of 1538?
2, 769
List the prime factors of 11770.
2, 5, 11, 107
What are the prime factors of 9653?
7, 197
What are the prime factors of 12874?
2, 41, 157
What are the prime factors of 21734?
2, 10867
What are the prime factors of 8466?
2, 3, 17, 83
List the prime factors of 128686.
2, 37, 47
What are the prime factors of 3065?
5, 613
List the prime factors of 2848.
2, 89
List the prime factors of 11659.
89, 131
What are the prime factors of 4671?
3, 173
What are the prime factors of 2685?
3, 5, 179
What are the prime factors of 938?
2, 7, 67
What are the prime factors of 22576?
2, 17, 83
List the prime factors of 393.
3, 131
What are the prime factors of 103902?
2, 3, 17317
What are the prime factors of 4018?
2, 7, 41
List the prime factors of 145.
5, 29
What are the prime factors of 10104?
2, 3, 421
List the prime factors of 144.
2, 3
List the prime factors of 1213.
1213
What are the prime factors of 63?
3, 7
List the prime factors of 332.
2, 83
What are the prime factors of 55272?
2, 3, 7, 47
List the prime factors of 6549.
3, 37, 59
What are the prime factors of 3805?
5, 761
What are the prime factors of 83949?
3, 27983
List the prime factors of 1068.
2, 3, 89
What are the prime factors of 79263?
3, 8807
List the prime factors of 3270.
2, 3, 5, 109
What are the prime factors of 3983?
7, 569
List the prime factors of 1213.
1213
List the prime factors of 119744.
2, 1871
What are the prime factors of 3131?
31, 101
List the prime factors of 894.
2, 3, 149
List the prime factors of 1055.
5, 211
What are the prime factors of 5288?
2, 661
List the prime factors of 1377.
3, 17
What are the prime factors of 57312?
2, 3, 199
List the prime factors of 219.
3, 73
What are the prime factors of 28149?
3, 11, 853
List the prime factors of 4429.
43, 103
What are the prime factors of 135?
3, 5
What are the prime factors of 542?
2, 271
List the prime factors of 7307.
7307
What are the prime factors of 11848?
2, 1481
List the prime factors of 55034.
2, 7, 3931
List the prime factors of 1650.
2, 3, 5, 11
List the prime factors of 6108.
2, 3, 509
List the prime factors of 871.
13, 67
List the prime factors of 423.
3, 47
List the prime factors of 895.
5, 179
What are the prime factors of 499?
499
List the prime factors of 20015.
5, 4003
List the prime factors of 1055.
5, 211
What are the prime factors of 238?
2, 7, 17
List the prime factors of 859.
859
List the prime factors of 832.
2, 13
List the prime factors of 4871.
4871
What are the prime factors of 3108?
2, 3, 7, 37
What are the prime factors of 8929?
8929
What are the prime factors of 10744?
2, 17, 79
What are the prime factors of 66245?
5, 13249
List the prime factors of 50829.
3, 16943
List the prime factors of 19860.
2, 3, 5, 331
What are the prime factors of 84?
2, 3, 7
List the prime factors of 2616.
2, 3, 109
List the prime factors of 2237.
2237
What are the prime factors of 906?
2, 3, 151
What are the prime factors of 839?
839
List the prime factors of 4349.
4349
What are the prime factors of 2206?
2, 1103
List the prime factors of 18870.
2, 3, 5, 17, 37
What are the prime factors of 4097?
17, 241
What are the prime factors of 16579?
59, 281
What are the prime factors of 42926?
2, 13, 127
List the prime factors of 7229.
7229
List the prime factors of 11435.
5, 2287
List the prime factors of 8150.
2, 5, 163
List the prime factors of 1131.
3, 13, 29
What